3
List the prime factors of 1073446.
2, 11, 59, 827
List the prime factors of 4082786.
2, 89, 22937
List the prime factors of 602429.
17, 35437
List the prime factors of 2669186.
2, 13, 53, 149
What are the prime factors of 40421438?
2, 1217, 16607
What are the prime factors of 1299488?
2, 40609
List the prime factors of 33378.
2, 3, 5563
List the prime factors of 9453717.
3, 7, 13, 17, 97
List the prime factors of 239466.
2, 3, 107, 373
What are the prime factors of 6145238?
2, 11, 279329
What are the prime factors of 509964?
2, 3, 7, 13, 467
List the prime factors of 515598.
2, 3, 85933
List the prime factors of 136305.
3, 5, 13, 233
What are the prime factors of 1636460?
2, 5, 7, 11689
List the prime factors of 77868.
2, 3, 7, 103
List the prime factors of 123774.
2, 3, 7, 421
List the prime factors of 2726375.
5, 17, 1283
List the prime factors of 7561476.
2, 3, 13, 107, 151
List the prime factors of 530743.
530743
What are the prime factors of 1212323?
7, 173189
What are the prime factors of 226739?
43, 5273
List the prime factors of 957202.
2, 17, 47, 599
List the prime factors of 5393296.
2, 337081
What are the prime factors of 422558?
2, 59, 3581
List the prime factors of 552692.
2, 7, 19739
List the prime factors of 621498.
2, 3, 103583
What are the prime factors of 719071?
719071
What are the prime factors of 1091331?
3, 121259
What are the prime factors of 1419322?
2, 193, 3677
List the prime factors of 191172.
2, 3, 89, 179
List the prime factors of 236477.
236477
List the prime factors of 2121766.
2, 1060883
List the prime factors of 151588.
2, 37897
List the prime factors of 3294160.
2, 5, 41177
List the prime factors of 1328056.
2, 109, 1523
What are the prime factors of 9238235?
5, 1847647
List the prime factors of 1649273.
263, 6271
What are the prime factors of 43315?
5, 8663
What are the prime factors of 2956368?
2, 3, 17, 3623
What are the prime factors of 11173?
11173
List the prime factors of 9378.
2, 3, 521
List the prime factors of 4822163.
4822163
List the prime factors of 184059.
3, 17, 401
What are the prime factors of 5274651?
3, 281, 6257
List the prime factors of 1969497.
3, 218833
What are the prime factors of 10756677?
3, 37, 96907
List the prime factors of 1199717.
19, 233, 271
List the prime factors of 1908381.
3, 617, 1031
What are the prime factors of 2416948?
2, 604237
List the prime factors of 536449.
536449
List the prime factors of 944215.
5, 188843
What are the prime factors of 91572?
2, 3, 13, 587
List the prime factors of 3302399.
31, 307, 347
What are the prime factors of 157937?
13, 12149
List the prime factors of 11017755.
3, 5, 7, 89, 131
List the prime factors of 3763322.
2, 277, 6793
What are the prime factors of 8408209?
863, 9743
List the prime factors of 15090476.
2, 3772619
List the prime factors of 32734385.
5, 977, 6701
List the prime factors of 1693869.
3, 19, 29717
What are the prime factors of 4662250?
2, 5, 17, 1097
List the prime factors of 2087182.
2, 1043591
List the prime factors of 364177.
11, 33107
List the prime factors of 17922723.
3, 7, 13, 65651
List the prime factors of 13591159.
103, 127, 1039
List the prime factors of 292983.
3, 61, 1601
What are the prime factors of 149755?
5, 61, 491
What are the prime factors of 3875144?
2, 7, 13, 5323
What are the prime factors of 268636?
2, 239, 281
What are the prime factors of 342395?
5, 31, 47
List the prime factors of 174649.
174649
What are the prime factors of 8365709?
11, 760519
What are the prime factors of 73046?
2, 36523
What are the prime factors of 4615618?
2, 7, 329687
List the prime factors of 1566045.
3, 5, 13, 2677
List the prime factors of 361711.
7, 51673
What are the prime factors of 5672458?
2, 11, 17, 29, 523
What are the prime factors of 9840917?
19, 157, 3299
List the prime factors of 2680249.
11, 13, 18743
What are the prime factors of 1276920?
2, 3, 5, 3547
List the prime factors of 23610.
2, 3, 5, 787
What are the prime factors of 2314639?
131, 17669
What are the prime factors of 295627?
101, 2927
What are the prime factors of 732344?
2, 31, 2953
What are the prime factors of 185664?
2, 3, 967
List the prime factors of 804774.
2, 3, 134129
What are the prime factors of 286793?
13, 1697
List the prime factors of 5453122.
2, 2726561
List the prime factors of 950545.
5, 151, 1259
What are the prime factors of 2439301?
2439301
What are the prime factors of 1144506?
2, 3, 11, 17341
List the prime factors of 173671.
173671
List the prime factors of 2236200.
2, 3, 5, 3727
What are the prime factors of 1143119?
163, 7013
List the prime factors of 812823.
3, 11, 24631
What are the prime factors of 759614?
2, 47, 8081
List the prime factors of 285149.
47, 6067
List the prime factors of 9433543.
7, 373, 3613
List the prime factors of 1446495.
3, 5, 73, 1321
List the prime factors of 93448.
2, 11681
List the prime factors of 705016.
2, 13, 6779
What are the prime factors of 5955205?
5, 163, 7307
List the prime factors of 154066.
2, 11, 47, 149
List the prime factors of 107257.
283, 379
List the prime factors of 6923193.
3, 379, 6089
List the prime factors of 80874.
2, 3, 4493
List the prime factors of 96402.
2, 3, 16067
What are the prime factors of 5775736?
2, 47, 15361
List the prime factors of 280829.
31, 9059
List the prime factors of 17559422.
2, 8779711
What are the prime factors of 17363250?
2, 3, 5, 7717
List the prime factors of 5674961.
5674961
List the prime factors of 792510.
2, 3, 5, 26417
List the prime factors of 124641.
3, 11, 1259
List the prime factors of 988640.
2, 5, 37, 167
What are the prime factors of 876469?
11, 17, 43, 109
List the prime factors of 4212259.
617, 6827
What are the prime factors of 31008997?
37, 41, 20441
What are the prime factors of 78923?
13, 467
What are the prime factors of 1298811?
3, 37, 11701
What are the prime factors of 668891?
71, 9421
What are the prime factors of 2029414?
2, 337, 3011
What are the prime factors of 2669630?
2, 5, 239, 1117
What are the prime factors of 8653027?
2473, 3499
What are the prime factors of 649919?
29, 73, 307
What are the prime factors of 3030662?
2, 83, 18257
What are the prime factors of 343787?
343787
List the prime factors of 4069166.
2, 47, 73, 593
What are the prime factors of 21575204?
2, 7, 103, 7481
What are the prime factors of 598443?
3, 19, 10499
List the prime factors of 320441.
11, 29131
What are the prime factors of 312875?
5, 2503
List the prime factors of 46361.
7, 37, 179
List the prime factors of 25619927.
1783, 14369
List the prime factors of 1512191.
19, 79589
What are the prime factors of 353078?
2, 11, 1459
List the prime factors of 705186.
2, 3, 1451
What are the prime factors of 391748?
2, 7, 17, 823
List the prime factors of 6391387.
6391387
What are the prime factors of 548134?
2, 223, 1229
What are the prime factors of 3680042?
2, 29, 67, 947
List the prime factors of 375643.
375643
List the prime factors of 1925751.
3, 31, 20707
What are the prime factors of 2497181?
17, 146893
What are the prime factors of 135029?
135029
What are the prime factors of 120151?
53, 2267
List the prime factors of 1295192.
2, 19, 8521
What are the prime factors of 901056?
2, 3, 13, 19
What are the prime factors of 920996?
2, 193, 1193
What are the prime factors of 168638?
2, 84319
List the prime factors of 18222400.
2, 5, 7, 1627
What are the prime factors of 14209322?
2, 47, 151163
What are the prime factors of 18020?
2, 5, 17, 53
What are the prime factors of 1834951?
263, 6977
What are the prime factors of 46314?
2, 3, 31, 83
What are the prime factors of 172690?
2, 5, 7, 2467
What are the prime factors of 277545?
3, 5, 18503
What are the prime factors of 147164?
2, 36791
What are the prime factors of 5566673?
7, 795239
List the prime factors of 736162.
2, 7, 52583
What are the prime factors of 54062?
2, 27031
List the prime factors of 3621762.
2, 3, 201209
What are the prime factors of 3575145?
3, 5, 7, 79, 431
What are the prime factors of 8042678?
2, 7, 574477
What are the prime factors of 431171?
13, 17, 1951
List the prime factors of 6340599.
3, 97, 269
What are the prime factors of 14480520?
2, 3, 5, 120671
What are the prime factors of 34924582?
2, 7, 11, 226783
List the prime factors of 1581851.
199, 7949
What are the